{"id":30971,"date":"2024-10-02T12:54:07","date_gmt":"2024-10-02T10:54:07","guid":{"rendered":"https:\/\/sklep.centrum-doskonalenia.pl\/?post_type=product&#038;p=30971"},"modified":"2025-09-18T08:32:22","modified_gmt":"2025-09-18T06:32:22","slug":"pelnomocnik-iso-27001-2022-2023-certyfikat-szkolenie-w-postaci-poradnika","status":"publish","type":"product","link":"https:\/\/sklep.centrum-doskonalenia.pl\/index.php\/produkt\/pelnomocnik-iso-27001-2022-2023-certyfikat-szkolenie-w-postaci-poradnika\/","title":{"rendered":"Pe\u0142nomocnik ISO 27001:2022 (2023) &#8211; Szkolenie w postaci poradnika"},"content":{"rendered":"<div class=\"product-description-container\">\n<div class=\"product-details\">\n<div class=\"product-info\">\n<p style=\"margin-top: 20px; margin-bottom: 20px;\">Poradnik skierowany jest do os\u00f3b chc\u0105cych uzyska\u0107 kwalifikacje Pe\u0142nomocnika ds. Systemu Zarz\u0105dzania Bezpiecze\u0144stwem Informacji wg ISO 27001:2022.<\/p>\n<p style=\"margin-top: 20px; margin-bottom: 20px;\">Materia\u0142 szkoleniowy zosta\u0142 przygotowany tak, aby maksymalnie pom\u00f3c osobie pe\u0142ni\u0105cej funkcj\u0119 pe\u0142nomocnika w przygotowaniu organizacji do certyfikacji.<\/p>\n<p style=\"margin-top: 20px; margin-bottom: 20px;\">Je\u017celi otrzymali\u015bcie Pa\u0144stwo propozycj\u0119 pe\u0142nienia funkcji Pe\u0142nomocnika Systemu Zarz\u0105dzania Bezpiecze\u0144stwem Informacji wg ISO 9001:2015 i nie wiecie jeszcze jakie czekaj\u0105 Was wyzwania to ten poradnik b\u0119dzie dla Pa\u0144stwa odpowiedni. Zawiera on szczeg\u00f3\u0142owe om\u00f3wienie wszystkich wymaga\u0144, zabezpiecze\u0144 z Za\u0142\u0105cznika A i zada\u0144 zwi\u0105zanych z wdro\u017ceniem tego systemu. Tre\u015b\u0107 tego poradnika jest dok\u0142adnie taka sama jak w szkoleniu e-learningowym dla pe\u0142nomocnik\u00f3w. Po przeczytaniu poradnika jest mo\u017cliwo\u015b\u0107 podej\u015bcia do egzaminu i w przypadku pozytywnego wyniku pobrania certyfikatu w formacie PDF.<\/p>\n<p>&nbsp;<\/p>\n<\/div>\n<p><!-- Dodano zamkni\u0119cie div --><\/p>\n<\/div>\n<div class=\"product-additional-info\">\n<h5 style=\"margin-top: 10px; margin-bottom: 0px; font-weight: bold; color: #1d7b88;\">Proponujemy Pa\u0144stwu dost\u0119p do materia\u0142u szkoleniowego, kt\u00f3ry obejmuje:<\/h5>\n<ul style=\"padding-left: 20px; list-style-type: none;\">\n<li style=\"list-style-type: none;\">\n<ul style=\"padding-left: 20px; list-style-type: none;\">\n<li style=\"list-style-type: none;\">\n<ul style=\"padding-left: 20px; list-style-type: none;\"><!-- Usuni\u0119to kropki --><\/p>\n<li style=\"margin-bottom: 10px;\"><span style=\"color: #1d7b88; font-weight: bold;\">\u2714<\/span> wyja\u015bnienie zasad funkcjonowania systemu zarz\u0105dzania bezpiecze\u0144stwem informacji,<\/li>\n<li style=\"margin-bottom: 10px;\"><span style=\"color: #1d7b88; font-weight: bold;\">\u2714<\/span> om\u00f3wienie zada\u0144 pe\u0142nomocnika,<\/li>\n<li style=\"margin-bottom: 10px;\"><span style=\"color: #1d7b88; font-weight: bold;\">\u2714<\/span> prezentacj\u0119 i komentarze do stosowanych dokument\u00f3w,<\/li>\n<li style=\"margin-bottom: 10px;\"><span style=\"color: #1d7b88; font-weight: bold;\">\u2714<\/span> om\u00f3wienie procesu audytu wewn\u0119trznego i zada\u0144 audytor\u00f3w,<\/li>\n<li style=\"margin-bottom: 10px;\"><span style=\"color: #1d7b88; font-weight: bold;\">\u2714<\/span> dzia\u0142ania koryguj\u0105ce,<\/li>\n<li style=\"margin-bottom: 10px;\"><span style=\"color: #1d7b88; font-weight: bold;\">\u2714<\/span> przeprowadzenie i raportowanie przegl\u0105du zarz\u0105dzania,<\/li>\n<li style=\"margin-bottom: 10px;\"><span style=\"color: #1d7b88; font-weight: bold;\">\u2714<\/span> liczne dialogi prezentuj\u0105ce dyskusje szkoleniowe \u201ez \u017cycia wzi\u0119te\u201d,<\/li>\n<\/ul>\n<\/li>\n<\/ul>\n<\/li>\n<\/ul>\n<h5 style=\"margin-top: 40px; margin-bottom: 20px; font-weight: bold; color: #1d7b88; text-align: left;\">Ponadto om\u00f3wione zosta\u0142y:<\/h5>\n<ul style=\"padding-left: 20px; list-style-type: none;\">\n<li style=\"list-style-type: none;\">\n<ul style=\"padding-left: 20px; list-style-type: none;\">\n<li style=\"list-style-type: none;\">\n<ul style=\"padding-left: 20px; list-style-type: none;\"><!-- Usuni\u0119to kropki --><\/p>\n<li style=\"margin-bottom: 10px;\"><span style=\"color: #1d7b88; font-weight: bold;\">\u2714<\/span> proces certyfikacji systemu \u2013 praktyczne wskaz\u00f3wki, fazy audytu, raportowanie,<\/li>\n<li style=\"margin-bottom: 10px;\"><span style=\"color: #1d7b88; font-weight: bold;\">\u2714<\/span> wymagania normy ISO 27001:2022,<\/li>\n<li style=\"margin-bottom: 10px;\"><span style=\"color: #1d7b88; font-weight: bold;\">\u2714<\/span> stosowane w bezpiecze\u0144stwie informacji terminy: informacja, aktywa, poufno\u015b\u0107, integralno\u015b\u0107, dost\u0119pno\u015b\u0107,<\/li>\n<li style=\"margin-bottom: 10px;\"><span style=\"color: #1d7b88; font-weight: bold;\">\u2714<\/span> szczeg\u00f3\u0142owe om\u00f3wienie za\u0142\u0105cznika A,<\/li>\n<\/ul>\n<\/li>\n<\/ul>\n<\/li>\n<\/ul>\n<h5 style=\"margin-top: 40px; margin-bottom: 20px; font-weight: bold; color: #1d7b88; text-align: left;\">Materia\u0142 zawiera przyk\u0142ady i m\u00f3wienie stosowanych w systemach zarz\u0105dzania bezpiecze\u0144stwem dokument\u00f3w tj.:<\/h5>\n<ul style=\"padding-left: 20px; list-style-type: none;\">\n<li style=\"list-style-type: none;\">\n<ul style=\"padding-left: 20px; list-style-type: none;\">\n<li style=\"list-style-type: none;\">\n<ul style=\"padding-left: 20px; list-style-type: none;\"><!-- Usuni\u0119to kropki --><\/p>\n<li style=\"margin-bottom: 10px;\"><span style=\"color: #1d7b88; font-weight: bold;\">\u2714<\/span> polityka bezpiecze\u0144stwa informacji,<\/li>\n<li style=\"margin-bottom: 10px;\"><span style=\"color: #1d7b88; font-weight: bold;\">\u2714<\/span> powo\u0142anie pe\u0142nomocnika,<\/li>\n<li style=\"margin-bottom: 10px;\"><span style=\"color: #1d7b88; font-weight: bold;\">\u2714<\/span> procedura audyt\u00f3w wewn\u0119trznych,<\/li>\n<li style=\"margin-bottom: 10px;\"><span style=\"color: #1d7b88; font-weight: bold;\">\u2714<\/span> formularze stosowane do audytu wewn\u0119trznego i dzia\u0142a\u0144 koryguj\u0105cych,<\/li>\n<li style=\"margin-bottom: 10px;\"><span style=\"color: #1d7b88; font-weight: bold;\">\u2714<\/span> procedura nadzoru nad dokumentami,<\/li>\n<li style=\"margin-bottom: 10px;\"><span style=\"color: #1d7b88; font-weight: bold;\">\u2714<\/span> spis tre\u015bci Ksi\u0119gi bezpiecze\u0144stwa informacji,<\/li>\n<li style=\"margin-bottom: 10px;\"><span style=\"color: #1d7b88; font-weight: bold;\">\u2714<\/span> raport z przegl\u0105du zarz\u0105dzania.<\/li>\n<\/ul>\n<\/li>\n<\/ul>\n<\/li>\n<\/ul>\n<p style=\"margin-top: 40px; margin-bottom: 20px;\">Po przeczytaniu poradnika i zdaniu egzaminu otrzymujecie Pa\u0144stwo <strong>certyfikat Pe\u0142nomocnika Systemu Zarz\u0105dzania Bezpiecze\u0144stwem Informacji<\/strong> potwierdzaj\u0105cy nabyte kwalifikacje, uprawniaj\u0105cy do wdro\u017cenia i zarz\u0105dzania omawianym systemem.<\/p>\n<h5 style=\"margin-top: 40px; margin-bottom: 20px; font-weight: bold; color: #1d7b88; text-align: left;\">Proponujemy r\u00f3wnie\u017c szkolenie e-learningowe dla pe\u0142nomocnik\u00f3w ISO 27001:2022: <a href=\"https:\/\/sklep.centrum-doskonalenia.pl\/index.php\/produkt\/pelnomocnik-pn-iso-iec-27001-2022-2023\/\" target=\"_blank\" rel=\"noopener\">Kliknij, aby zobaczy\u0107 ofert\u0119<\/a>.<\/h5>\n<\/div>\n<\/div>\n","protected":false},"excerpt":{"rendered":"<p>Poradnik skierowany jest do os\u00f3b chc\u0105cych uzyska\u0107 kwalifikacje Pe\u0142nomocnika ds. Systemu Zarz\u0105dzania Bezpiecze\u0144stwem Informacji wg ISO 27001:2022. Materia\u0142 szkoleniowy zosta\u0142 przygotowany tak, aby maksymalnie pom\u00f3c osobie pe\u0142ni\u0105cej funkcj\u0119 pe\u0142nomocnika w przygotowaniu organizacji do certyfikacji. Je\u017celi otrzymali\u015bcie Pa\u0144stwo propozycj\u0119 pe\u0142nienia funkcji Pe\u0142nomocnika Systemu Zarz\u0105dzania Bezpiecze\u0144stwem Informacji wg ISO 9001:2015 i nie wiecie jeszcze jakie czekaj\u0105 Was [&hellip;]<\/p>\n","protected":false},"featured_media":30972,"template":"","meta":{"site-sidebar-layout":"default","site-content-layout":"","ast-site-content-layout":"default","site-content-style":"default","site-sidebar-style":"default","ast-global-header-display":"","ast-banner-title-visibility":"","ast-main-header-display":"","ast-hfb-above-header-display":"","ast-hfb-below-header-display":"","ast-hfb-mobile-header-display":"","site-post-title":"","ast-breadcrumbs-content":"","ast-featured-img":"","footer-sml-layout":"","ast-disable-related-posts":"","theme-transparent-header-meta":"default","adv-header-id-meta":"","stick-header-meta":"","header-above-stick-meta":"","header-main-stick-meta":"","header-below-stick-meta":"","astra-migrate-meta-layouts":"set","ast-page-background-enabled":"default","ast-page-background-meta":{"desktop":{"background-color":"","background-image":"","background-repeat":"repeat","background-position":"center center","background-size":"auto","background-attachment":"scroll","background-type":"","background-media":"","overlay-type":"","overlay-color":"","overlay-opacity":"","overlay-gradient":""},"tablet":{"background-color":"","background-image":"","background-repeat":"repeat","background-position":"center center","background-size":"auto","background-attachment":"scroll","background-type":"","background-media":"","overlay-type":"","overlay-color":"","overlay-opacity":"","overlay-gradient":""},"mobile":{"background-color":"","background-image":"","background-repeat":"repeat","background-position":"center center","background-size":"auto","background-attachment":"scroll","background-type":"","background-media":"","overlay-type":"","overlay-color":"","overlay-opacity":"","overlay-gradient":""}},"ast-content-background-meta":{"desktop":{"background-color":"var(--ast-global-color-5)","background-image":"","background-repeat":"repeat","background-position":"center center","background-size":"auto","background-attachment":"scroll","background-type":"","background-media":"","overlay-type":"","overlay-color":"","overlay-opacity":"","overlay-gradient":""},"tablet":{"background-color":"var(--ast-global-color-5)","background-image":"","background-repeat":"repeat","background-position":"center center","background-size":"auto","background-attachment":"scroll","background-type":"","background-media":"","overlay-type":"","overlay-color":"","overlay-opacity":"","overlay-gradient":""},"mobile":{"background-color":"var(--ast-global-color-5)","background-image":"","background-repeat":"repeat","background-position":"center center","background-size":"auto","background-attachment":"scroll","background-type":"","background-media":"","overlay-type":"","overlay-color":"","overlay-opacity":"","overlay-gradient":""}}},"product_brand":[],"product_cat":[483],"product_tag":[],"class_list":{"0":"post-30971","1":"product","2":"type-product","3":"status-publish","4":"has-post-thumbnail","6":"product_cat-e-book-poradniki-iso-27001","7":"desktop-align-left","8":"tablet-align-left","9":"mobile-align-left","11":"first","12":"instock","13":"taxable","14":"shipping-taxable","15":"purchasable","16":"product-type-simple"},"aioseo_notices":[],"yoast_head":"<!-- This site is optimized with the Yoast SEO plugin v27.4 - https:\/\/yoast.com\/product\/yoast-seo-wordpress\/ -->\n<title>Pe\u0142nomocnik ISO 27001:2022 (2023) - Szkolenie w postaci poradnika - Centrum Doskonalenia Zarz\u0105dzania Meritum<\/title>\n<meta name=\"robots\" content=\"index, follow, max-snippet:-1, max-image-preview:large, max-video-preview:-1\" \/>\n<link rel=\"canonical\" href=\"https:\/\/sklep.centrum-doskonalenia.pl\/index.php\/produkt\/pelnomocnik-iso-27001-2022-2023-certyfikat-szkolenie-w-postaci-poradnika\/\" \/>\n<meta property=\"og:locale\" content=\"pl_PL\" \/>\n<meta property=\"og:type\" content=\"article\" \/>\n<meta property=\"og:title\" content=\"Pe\u0142nomocnik ISO 27001:2022 (2023) - Szkolenie w postaci poradnika - Centrum Doskonalenia Zarz\u0105dzania Meritum\" \/>\n<meta property=\"og:description\" content=\"Poradnik skierowany jest do os\u00f3b chc\u0105cych uzyska\u0107 kwalifikacje Pe\u0142nomocnika ds. Systemu Zarz\u0105dzania Bezpiecze\u0144stwem Informacji wg ISO 27001:2022. Materia\u0142 szkoleniowy zosta\u0142 przygotowany tak, aby maksymalnie pom\u00f3c osobie pe\u0142ni\u0105cej funkcj\u0119 pe\u0142nomocnika w przygotowaniu organizacji do certyfikacji. Je\u017celi otrzymali\u015bcie Pa\u0144stwo propozycj\u0119 pe\u0142nienia funkcji Pe\u0142nomocnika Systemu Zarz\u0105dzania Bezpiecze\u0144stwem Informacji wg ISO 9001:2015 i nie wiecie jeszcze jakie czekaj\u0105 Was [&hellip;]\" \/>\n<meta property=\"og:url\" content=\"https:\/\/sklep.centrum-doskonalenia.pl\/index.php\/produkt\/pelnomocnik-iso-27001-2022-2023-certyfikat-szkolenie-w-postaci-poradnika\/\" \/>\n<meta property=\"og:site_name\" content=\"Centrum Doskonalenia Zarz\u0105dzania Meritum\" \/>\n<meta property=\"article:modified_time\" content=\"2025-09-18T06:32:22+00:00\" \/>\n<meta property=\"og:image\" content=\"https:\/\/sklep.centrum-doskonalenia.pl\/wp-content\/uploads\/2024\/10\/Pelnomocnik-ISOIEC-270012022.png\" \/>\n\t<meta property=\"og:image:width\" content=\"512\" \/>\n\t<meta property=\"og:image:height\" content=\"800\" \/>\n\t<meta property=\"og:image:type\" content=\"image\/png\" \/>\n<meta name=\"twitter:card\" content=\"summary_large_image\" \/>\n<meta name=\"twitter:label1\" content=\"Szacowany czas czytania\" \/>\n\t<meta name=\"twitter:data1\" content=\"2 minuty\" \/>\n<script type=\"application\/ld+json\" class=\"yoast-schema-graph\">{\"@context\":\"https:\\\/\\\/schema.org\",\"@graph\":[{\"@type\":\"WebPage\",\"@id\":\"https:\\\/\\\/sklep.centrum-doskonalenia.pl\\\/index.php\\\/produkt\\\/pelnomocnik-iso-27001-2022-2023-certyfikat-szkolenie-w-postaci-poradnika\\\/\",\"url\":\"https:\\\/\\\/sklep.centrum-doskonalenia.pl\\\/index.php\\\/produkt\\\/pelnomocnik-iso-27001-2022-2023-certyfikat-szkolenie-w-postaci-poradnika\\\/\",\"name\":\"Pe\u0142nomocnik ISO 27001:2022 (2023) - Szkolenie w postaci poradnika - Centrum Doskonalenia Zarz\u0105dzania Meritum\",\"isPartOf\":{\"@id\":\"https:\\\/\\\/sklep.centrum-doskonalenia.pl\\\/#website\"},\"primaryImageOfPage\":{\"@id\":\"https:\\\/\\\/sklep.centrum-doskonalenia.pl\\\/index.php\\\/produkt\\\/pelnomocnik-iso-27001-2022-2023-certyfikat-szkolenie-w-postaci-poradnika\\\/#primaryimage\"},\"image\":{\"@id\":\"https:\\\/\\\/sklep.centrum-doskonalenia.pl\\\/index.php\\\/produkt\\\/pelnomocnik-iso-27001-2022-2023-certyfikat-szkolenie-w-postaci-poradnika\\\/#primaryimage\"},\"thumbnailUrl\":\"https:\\\/\\\/sklep.centrum-doskonalenia.pl\\\/wp-content\\\/uploads\\\/2024\\\/10\\\/Pelnomocnik-ISOIEC-270012022.png\",\"datePublished\":\"2024-10-02T10:54:07+00:00\",\"dateModified\":\"2025-09-18T06:32:22+00:00\",\"breadcrumb\":{\"@id\":\"https:\\\/\\\/sklep.centrum-doskonalenia.pl\\\/index.php\\\/produkt\\\/pelnomocnik-iso-27001-2022-2023-certyfikat-szkolenie-w-postaci-poradnika\\\/#breadcrumb\"},\"inLanguage\":\"pl-PL\",\"potentialAction\":[{\"@type\":\"ReadAction\",\"target\":[\"https:\\\/\\\/sklep.centrum-doskonalenia.pl\\\/index.php\\\/produkt\\\/pelnomocnik-iso-27001-2022-2023-certyfikat-szkolenie-w-postaci-poradnika\\\/\"]}]},{\"@type\":\"ImageObject\",\"inLanguage\":\"pl-PL\",\"@id\":\"https:\\\/\\\/sklep.centrum-doskonalenia.pl\\\/index.php\\\/produkt\\\/pelnomocnik-iso-27001-2022-2023-certyfikat-szkolenie-w-postaci-poradnika\\\/#primaryimage\",\"url\":\"https:\\\/\\\/sklep.centrum-doskonalenia.pl\\\/wp-content\\\/uploads\\\/2024\\\/10\\\/Pelnomocnik-ISOIEC-270012022.png\",\"contentUrl\":\"https:\\\/\\\/sklep.centrum-doskonalenia.pl\\\/wp-content\\\/uploads\\\/2024\\\/10\\\/Pelnomocnik-ISOIEC-270012022.png\",\"width\":512,\"height\":800},{\"@type\":\"BreadcrumbList\",\"@id\":\"https:\\\/\\\/sklep.centrum-doskonalenia.pl\\\/index.php\\\/produkt\\\/pelnomocnik-iso-27001-2022-2023-certyfikat-szkolenie-w-postaci-poradnika\\\/#breadcrumb\",\"itemListElement\":[{\"@type\":\"ListItem\",\"position\":1,\"name\":\"Strona g\u0142\u00f3wna\",\"item\":\"https:\\\/\\\/sklep.centrum-doskonalenia.pl\\\/\"},{\"@type\":\"ListItem\",\"position\":2,\"name\":\"Produkty\",\"item\":\"https:\\\/\\\/sklep.centrum-doskonalenia.pl\\\/index.php\\\/shop\\\/\"},{\"@type\":\"ListItem\",\"position\":3,\"name\":\"Pe\u0142nomocnik ISO 27001:2022 (2023) &#8211; Szkolenie w postaci poradnika\"}]},{\"@type\":\"WebSite\",\"@id\":\"https:\\\/\\\/sklep.centrum-doskonalenia.pl\\\/#website\",\"url\":\"https:\\\/\\\/sklep.centrum-doskonalenia.pl\\\/\",\"name\":\"Centrum Doskonalenia Zarz\u0105dzania Meritum\",\"description\":\"\",\"publisher\":{\"@id\":\"https:\\\/\\\/sklep.centrum-doskonalenia.pl\\\/#organization\"},\"potentialAction\":[{\"@type\":\"SearchAction\",\"target\":{\"@type\":\"EntryPoint\",\"urlTemplate\":\"https:\\\/\\\/sklep.centrum-doskonalenia.pl\\\/?s={search_term_string}\"},\"query-input\":{\"@type\":\"PropertyValueSpecification\",\"valueRequired\":true,\"valueName\":\"search_term_string\"}}],\"inLanguage\":\"pl-PL\"},{\"@type\":\"Organization\",\"@id\":\"https:\\\/\\\/sklep.centrum-doskonalenia.pl\\\/#organization\",\"name\":\"Centrum Doskonalenia Zarz\u0105dzania Meritum\",\"url\":\"https:\\\/\\\/sklep.centrum-doskonalenia.pl\\\/\",\"logo\":{\"@type\":\"ImageObject\",\"inLanguage\":\"pl-PL\",\"@id\":\"https:\\\/\\\/sklep.centrum-doskonalenia.pl\\\/#\\\/schema\\\/logo\\\/image\\\/\",\"url\":\"https:\\\/\\\/sklep.centrum-doskonalenia.pl\\\/wp-content\\\/uploads\\\/2023\\\/10\\\/logo-czarne-bez-tla.png\",\"contentUrl\":\"https:\\\/\\\/sklep.centrum-doskonalenia.pl\\\/wp-content\\\/uploads\\\/2023\\\/10\\\/logo-czarne-bez-tla.png\",\"width\":2089,\"height\":712,\"caption\":\"Centrum Doskonalenia Zarz\u0105dzania Meritum\"},\"image\":{\"@id\":\"https:\\\/\\\/sklep.centrum-doskonalenia.pl\\\/#\\\/schema\\\/logo\\\/image\\\/\"}}]}<\/script>\n<!-- \/ Yoast SEO plugin. -->","yoast_head_json":{"title":"Pe\u0142nomocnik ISO 27001:2022 (2023) - Szkolenie w postaci poradnika - Centrum Doskonalenia Zarz\u0105dzania Meritum","robots":{"index":"index","follow":"follow","max-snippet":"max-snippet:-1","max-image-preview":"max-image-preview:large","max-video-preview":"max-video-preview:-1"},"canonical":"https:\/\/sklep.centrum-doskonalenia.pl\/index.php\/produkt\/pelnomocnik-iso-27001-2022-2023-certyfikat-szkolenie-w-postaci-poradnika\/","og_locale":"pl_PL","og_type":"article","og_title":"Pe\u0142nomocnik ISO 27001:2022 (2023) - Szkolenie w postaci poradnika - Centrum Doskonalenia Zarz\u0105dzania Meritum","og_description":"Poradnik skierowany jest do os\u00f3b chc\u0105cych uzyska\u0107 kwalifikacje Pe\u0142nomocnika ds. Systemu Zarz\u0105dzania Bezpiecze\u0144stwem Informacji wg ISO 27001:2022. Materia\u0142 szkoleniowy zosta\u0142 przygotowany tak, aby maksymalnie pom\u00f3c osobie pe\u0142ni\u0105cej funkcj\u0119 pe\u0142nomocnika w przygotowaniu organizacji do certyfikacji. Je\u017celi otrzymali\u015bcie Pa\u0144stwo propozycj\u0119 pe\u0142nienia funkcji Pe\u0142nomocnika Systemu Zarz\u0105dzania Bezpiecze\u0144stwem Informacji wg ISO 9001:2015 i nie wiecie jeszcze jakie czekaj\u0105 Was [&hellip;]","og_url":"https:\/\/sklep.centrum-doskonalenia.pl\/index.php\/produkt\/pelnomocnik-iso-27001-2022-2023-certyfikat-szkolenie-w-postaci-poradnika\/","og_site_name":"Centrum Doskonalenia Zarz\u0105dzania Meritum","article_modified_time":"2025-09-18T06:32:22+00:00","og_image":[{"width":512,"height":800,"url":"https:\/\/sklep.centrum-doskonalenia.pl\/wp-content\/uploads\/2024\/10\/Pelnomocnik-ISOIEC-270012022.png","type":"image\/png"}],"twitter_card":"summary_large_image","twitter_misc":{"Szacowany czas czytania":"2 minuty"},"schema":{"@context":"https:\/\/schema.org","@graph":[{"@type":"WebPage","@id":"https:\/\/sklep.centrum-doskonalenia.pl\/index.php\/produkt\/pelnomocnik-iso-27001-2022-2023-certyfikat-szkolenie-w-postaci-poradnika\/","url":"https:\/\/sklep.centrum-doskonalenia.pl\/index.php\/produkt\/pelnomocnik-iso-27001-2022-2023-certyfikat-szkolenie-w-postaci-poradnika\/","name":"Pe\u0142nomocnik ISO 27001:2022 (2023) - Szkolenie w postaci poradnika - Centrum Doskonalenia Zarz\u0105dzania Meritum","isPartOf":{"@id":"https:\/\/sklep.centrum-doskonalenia.pl\/#website"},"primaryImageOfPage":{"@id":"https:\/\/sklep.centrum-doskonalenia.pl\/index.php\/produkt\/pelnomocnik-iso-27001-2022-2023-certyfikat-szkolenie-w-postaci-poradnika\/#primaryimage"},"image":{"@id":"https:\/\/sklep.centrum-doskonalenia.pl\/index.php\/produkt\/pelnomocnik-iso-27001-2022-2023-certyfikat-szkolenie-w-postaci-poradnika\/#primaryimage"},"thumbnailUrl":"https:\/\/sklep.centrum-doskonalenia.pl\/wp-content\/uploads\/2024\/10\/Pelnomocnik-ISOIEC-270012022.png","datePublished":"2024-10-02T10:54:07+00:00","dateModified":"2025-09-18T06:32:22+00:00","breadcrumb":{"@id":"https:\/\/sklep.centrum-doskonalenia.pl\/index.php\/produkt\/pelnomocnik-iso-27001-2022-2023-certyfikat-szkolenie-w-postaci-poradnika\/#breadcrumb"},"inLanguage":"pl-PL","potentialAction":[{"@type":"ReadAction","target":["https:\/\/sklep.centrum-doskonalenia.pl\/index.php\/produkt\/pelnomocnik-iso-27001-2022-2023-certyfikat-szkolenie-w-postaci-poradnika\/"]}]},{"@type":"ImageObject","inLanguage":"pl-PL","@id":"https:\/\/sklep.centrum-doskonalenia.pl\/index.php\/produkt\/pelnomocnik-iso-27001-2022-2023-certyfikat-szkolenie-w-postaci-poradnika\/#primaryimage","url":"https:\/\/sklep.centrum-doskonalenia.pl\/wp-content\/uploads\/2024\/10\/Pelnomocnik-ISOIEC-270012022.png","contentUrl":"https:\/\/sklep.centrum-doskonalenia.pl\/wp-content\/uploads\/2024\/10\/Pelnomocnik-ISOIEC-270012022.png","width":512,"height":800},{"@type":"BreadcrumbList","@id":"https:\/\/sklep.centrum-doskonalenia.pl\/index.php\/produkt\/pelnomocnik-iso-27001-2022-2023-certyfikat-szkolenie-w-postaci-poradnika\/#breadcrumb","itemListElement":[{"@type":"ListItem","position":1,"name":"Strona g\u0142\u00f3wna","item":"https:\/\/sklep.centrum-doskonalenia.pl\/"},{"@type":"ListItem","position":2,"name":"Produkty","item":"https:\/\/sklep.centrum-doskonalenia.pl\/index.php\/shop\/"},{"@type":"ListItem","position":3,"name":"Pe\u0142nomocnik ISO 27001:2022 (2023) &#8211; Szkolenie w postaci poradnika"}]},{"@type":"WebSite","@id":"https:\/\/sklep.centrum-doskonalenia.pl\/#website","url":"https:\/\/sklep.centrum-doskonalenia.pl\/","name":"Centrum Doskonalenia Zarz\u0105dzania Meritum","description":"","publisher":{"@id":"https:\/\/sklep.centrum-doskonalenia.pl\/#organization"},"potentialAction":[{"@type":"SearchAction","target":{"@type":"EntryPoint","urlTemplate":"https:\/\/sklep.centrum-doskonalenia.pl\/?s={search_term_string}"},"query-input":{"@type":"PropertyValueSpecification","valueRequired":true,"valueName":"search_term_string"}}],"inLanguage":"pl-PL"},{"@type":"Organization","@id":"https:\/\/sklep.centrum-doskonalenia.pl\/#organization","name":"Centrum Doskonalenia Zarz\u0105dzania Meritum","url":"https:\/\/sklep.centrum-doskonalenia.pl\/","logo":{"@type":"ImageObject","inLanguage":"pl-PL","@id":"https:\/\/sklep.centrum-doskonalenia.pl\/#\/schema\/logo\/image\/","url":"https:\/\/sklep.centrum-doskonalenia.pl\/wp-content\/uploads\/2023\/10\/logo-czarne-bez-tla.png","contentUrl":"https:\/\/sklep.centrum-doskonalenia.pl\/wp-content\/uploads\/2023\/10\/logo-czarne-bez-tla.png","width":2089,"height":712,"caption":"Centrum Doskonalenia Zarz\u0105dzania Meritum"},"image":{"@id":"https:\/\/sklep.centrum-doskonalenia.pl\/#\/schema\/logo\/image\/"}}]}},"_links":{"self":[{"href":"https:\/\/sklep.centrum-doskonalenia.pl\/index.php\/wp-json\/wp\/v2\/product\/30971","targetHints":{"allow":["GET"]}}],"collection":[{"href":"https:\/\/sklep.centrum-doskonalenia.pl\/index.php\/wp-json\/wp\/v2\/product"}],"about":[{"href":"https:\/\/sklep.centrum-doskonalenia.pl\/index.php\/wp-json\/wp\/v2\/types\/product"}],"wp:featuredmedia":[{"embeddable":true,"href":"https:\/\/sklep.centrum-doskonalenia.pl\/index.php\/wp-json\/wp\/v2\/media\/30972"}],"wp:attachment":[{"href":"https:\/\/sklep.centrum-doskonalenia.pl\/index.php\/wp-json\/wp\/v2\/media?parent=30971"}],"wp:term":[{"taxonomy":"product_brand","embeddable":true,"href":"https:\/\/sklep.centrum-doskonalenia.pl\/index.php\/wp-json\/wp\/v2\/product_brand?post=30971"},{"taxonomy":"product_cat","embeddable":true,"href":"https:\/\/sklep.centrum-doskonalenia.pl\/index.php\/wp-json\/wp\/v2\/product_cat?post=30971"},{"taxonomy":"product_tag","embeddable":true,"href":"https:\/\/sklep.centrum-doskonalenia.pl\/index.php\/wp-json\/wp\/v2\/product_tag?post=30971"}],"curies":[{"name":"wp","href":"https:\/\/api.w.org\/{rel}","templated":true}]}}