{"id":30434,"date":"2024-09-25T14:46:07","date_gmt":"2024-09-25T12:46:07","guid":{"rendered":"https:\/\/sklep.centrum-doskonalenia.pl\/?post_type=product&#038;p=30434"},"modified":"2024-09-26T16:43:34","modified_gmt":"2024-09-26T14:43:34","slug":"zmiany-w-standardach-iso-9001-iso-27001-iso-14001-iso-45001-iso-22301-2024-rok","status":"publish","type":"product","link":"https:\/\/sklep.centrum-doskonalenia.pl\/index.php\/produkt\/zmiany-w-standardach-iso-9001-iso-27001-iso-14001-iso-45001-iso-22301-2024-rok\/","title":{"rendered":"Zmiany klimatyczne w standardach ISO 9001, ISO 27001, ISO 14001, ISO 45001, ISO 22301 (2024 rok)"},"content":{"rendered":"<div class=\"product-description-container\">\n<div class=\"product-details\">\n<div class=\"product-info\">\n<p style=\"margin-top: 20px; margin-bottom: 20px;\">Poradnik: Zmiany w standardach ISO 9001, ISO 27001, ISO 14001, ISO 45001, ISO 22301 (2024).<\/p>\n<p style=\"margin-top: 20px; margin-bottom: 10px;\">Czy Twoja firma jest gotowa na zmiany w mi\u0119dzynarodowych standardach ISO? Rok 2024 przynosi aktualizacje, kt\u00f3re mog\u0105 mie\u0107 istotny wp\u0142yw na dzia\u0142alno\u015b\u0107 ka\u017cdej organizacji d\u0105\u017c\u0105cej do utrzymania zgodno\u015bci z normami zarz\u0105dzania jako\u015bci\u0105, bezpiecze\u0144stwem informacji, ochron\u0105 \u015brodowiska i ci\u0105g\u0142o\u015bci\u0105 dzia\u0142ania. Nasz kompleksowy poradnik to klucz do zrozumienia i wdro\u017cenia tych zmian w praktyce.<\/p>\n<p>&nbsp;<\/p>\n<\/div>\n<p><!-- Dodano zamkni\u0119cie div --><\/p>\n<\/div>\n<div class=\"product-additional-info\">\n<h5 style=\"margin-top: 0px; margin-bottom: 20px; font-weight: bold; color: #1d7b88;\">Dlaczego potrzebujesz tego poradnika?<\/h5>\n<p style=\"margin-top: 20px; margin-bottom: 10px;\">Zmieniaj\u0105ce si\u0119 regulacje i wymagania stawiaj\u0105 przed organizacjami wyzwania, ale te\u017c otwieraj\u0105 nowe mo\u017cliwo\u015bci rozwoju i poprawy proces\u00f3w. Nasz poradnik pomaga:<\/p>\n<ul style=\"padding-left: 20px; list-style-type: none;\">\n<li style=\"list-style-type: none;\">\n<ul style=\"padding-left: 20px; list-style-type: none;\">\n<li style=\"list-style-type: none;\">\n<ul style=\"padding-left: 20px; list-style-type: none;\"><!-- Usuni\u0119to kropki --><\/p>\n<li style=\"margin-bottom: 10px;\"><span style=\"color: #1d7b88; font-weight: bold;\">\u2714<\/span> zrozumie\u0107 genez\u0119 wprowadzanych zmian,<\/li>\n<li style=\"margin-bottom: 10px;\"><span style=\"color: #1d7b88; font-weight: bold;\">\u2714<\/span> wdro\u017cy\u0107 zmiany dostosowane do swojej organizacji \u2013 dzi\u0119ki szczeg\u00f3\u0142owym wskaz\u00f3wkom b\u0119dziesz wiedzia\u0142, jakie kroki podj\u0105\u0107, aby spe\u0142ni\u0107 nowe wymagania,<\/li>\n<li style=\"margin-bottom: 10px;\"><span style=\"color: #1d7b88; font-weight: bold;\">\u2714<\/span> dobra\u0107 odpowiednie rozwi\u0105zania wyci\u0105gaj\u0105c wnioski z licznych przyk\u0142ad\u00f3w : proces\u00f3w, cel\u00f3w, wska\u017anik\u00f3w.<\/li>\n<\/ul>\n<\/li>\n<\/ul>\n<\/li>\n<\/ul>\n<p style=\"margin-top: 40px; margin-bottom: 20px;\">Niezale\u017cnie od tego, czy jeste\u015b mened\u017cerem ds. jako\u015bci, specjalist\u0105 ds. bezpiecze\u0144stwa informacji, czy osob\u0105 odpowiedzialn\u0105 za zarz\u0105dzanie ryzykiem, ten poradnik to niezb\u0119dne narz\u0119dzie, kt\u00f3re pomo\u017ce Ci sprosta\u0107 wymogom roku 2024 i przygotowa\u0107 si\u0119 do audytu na zgodno\u015b\u0107 z wymaganiami normy.<\/p>\n<p style=\"margin-top: 40px; margin-bottom: 20px;\">Liczba stron: 72<\/p>\n<p style=\"margin-top: 40px; margin-bottom: 20px;\">Format A4, PDF, poradnik w formie elektronicznej.<\/p>\n<\/div>\n<\/div>\n","protected":false},"excerpt":{"rendered":"<p>Poradnik: Zmiany w standardach ISO 9001, ISO 27001, ISO 14001, ISO 45001, ISO 22301 (2024). Czy Twoja firma jest gotowa na zmiany w mi\u0119dzynarodowych standardach ISO? Rok 2024 przynosi aktualizacje, kt\u00f3re mog\u0105 mie\u0107 istotny wp\u0142yw na dzia\u0142alno\u015b\u0107 ka\u017cdej organizacji d\u0105\u017c\u0105cej do utrzymania zgodno\u015bci z normami zarz\u0105dzania jako\u015bci\u0105, bezpiecze\u0144stwem informacji, ochron\u0105 \u015brodowiska i ci\u0105g\u0142o\u015bci\u0105 dzia\u0142ania. Nasz [&hellip;]<\/p>\n","protected":false},"featured_media":30705,"template":"","meta":{"site-sidebar-layout":"default","site-content-layout":"","ast-site-content-layout":"default","site-content-style":"default","site-sidebar-style":"default","ast-global-header-display":"","ast-banner-title-visibility":"","ast-main-header-display":"","ast-hfb-above-header-display":"","ast-hfb-below-header-display":"","ast-hfb-mobile-header-display":"","site-post-title":"","ast-breadcrumbs-content":"","ast-featured-img":"","footer-sml-layout":"","ast-disable-related-posts":"","theme-transparent-header-meta":"default","adv-header-id-meta":"","stick-header-meta":"","header-above-stick-meta":"","header-main-stick-meta":"","header-below-stick-meta":"","astra-migrate-meta-layouts":"set","ast-page-background-enabled":"default","ast-page-background-meta":{"desktop":{"background-color":"","background-image":"","background-repeat":"repeat","background-position":"center center","background-size":"auto","background-attachment":"scroll","background-type":"","background-media":"","overlay-type":"","overlay-color":"","overlay-opacity":"","overlay-gradient":""},"tablet":{"background-color":"","background-image":"","background-repeat":"repeat","background-position":"center center","background-size":"auto","background-attachment":"scroll","background-type":"","background-media":"","overlay-type":"","overlay-color":"","overlay-opacity":"","overlay-gradient":""},"mobile":{"background-color":"","background-image":"","background-repeat":"repeat","background-position":"center center","background-size":"auto","background-attachment":"scroll","background-type":"","background-media":"","overlay-type":"","overlay-color":"","overlay-opacity":"","overlay-gradient":""}},"ast-content-background-meta":{"desktop":{"background-color":"var(--ast-global-color-5)","background-image":"","background-repeat":"repeat","background-position":"center center","background-size":"auto","background-attachment":"scroll","background-type":"","background-media":"","overlay-type":"","overlay-color":"","overlay-opacity":"","overlay-gradient":""},"tablet":{"background-color":"var(--ast-global-color-5)","background-image":"","background-repeat":"repeat","background-position":"center center","background-size":"auto","background-attachment":"scroll","background-type":"","background-media":"","overlay-type":"","overlay-color":"","overlay-opacity":"","overlay-gradient":""},"mobile":{"background-color":"var(--ast-global-color-5)","background-image":"","background-repeat":"repeat","background-position":"center center","background-size":"auto","background-attachment":"scroll","background-type":"","background-media":"","overlay-type":"","overlay-color":"","overlay-opacity":"","overlay-gradient":""}}},"product_brand":[],"product_cat":[463],"product_tag":[],"class_list":{"0":"post-30434","1":"product","2":"type-product","3":"status-publish","4":"has-post-thumbnail","6":"product_cat-e-book-zmiany-w-standardach","7":"desktop-align-left","8":"tablet-align-left","9":"mobile-align-left","11":"first","12":"instock","13":"taxable","14":"shipping-taxable","15":"purchasable","16":"product-type-simple"},"aioseo_notices":[],"yoast_head":"<!-- This site is optimized with the Yoast SEO plugin v27.4 - https:\/\/yoast.com\/product\/yoast-seo-wordpress\/ -->\n<title>Zmiany klimatyczne w standardach ISO 9001, ISO 27001, ISO 14001, ISO 45001, ISO 22301 (2024 rok) - Centrum Doskonalenia Zarz\u0105dzania Meritum<\/title>\n<meta name=\"robots\" content=\"index, follow, max-snippet:-1, max-image-preview:large, max-video-preview:-1\" \/>\n<link rel=\"canonical\" href=\"https:\/\/sklep.centrum-doskonalenia.pl\/index.php\/produkt\/zmiany-w-standardach-iso-9001-iso-27001-iso-14001-iso-45001-iso-22301-2024-rok\/\" \/>\n<meta property=\"og:locale\" content=\"pl_PL\" \/>\n<meta property=\"og:type\" content=\"article\" \/>\n<meta property=\"og:title\" content=\"Zmiany klimatyczne w standardach ISO 9001, ISO 27001, ISO 14001, ISO 45001, ISO 22301 (2024 rok) - Centrum Doskonalenia Zarz\u0105dzania Meritum\" \/>\n<meta property=\"og:description\" content=\"Poradnik: Zmiany w standardach ISO 9001, ISO 27001, ISO 14001, ISO 45001, ISO 22301 (2024). Czy Twoja firma jest gotowa na zmiany w mi\u0119dzynarodowych standardach ISO? Rok 2024 przynosi aktualizacje, kt\u00f3re mog\u0105 mie\u0107 istotny wp\u0142yw na dzia\u0142alno\u015b\u0107 ka\u017cdej organizacji d\u0105\u017c\u0105cej do utrzymania zgodno\u015bci z normami zarz\u0105dzania jako\u015bci\u0105, bezpiecze\u0144stwem informacji, ochron\u0105 \u015brodowiska i ci\u0105g\u0142o\u015bci\u0105 dzia\u0142ania. Nasz [&hellip;]\" \/>\n<meta property=\"og:url\" content=\"https:\/\/sklep.centrum-doskonalenia.pl\/index.php\/produkt\/zmiany-w-standardach-iso-9001-iso-27001-iso-14001-iso-45001-iso-22301-2024-rok\/\" \/>\n<meta property=\"og:site_name\" content=\"Centrum Doskonalenia Zarz\u0105dzania Meritum\" \/>\n<meta property=\"article:modified_time\" content=\"2024-09-26T14:43:34+00:00\" \/>\n<meta property=\"og:image\" content=\"https:\/\/sklep.centrum-doskonalenia.pl\/wp-content\/uploads\/2024\/09\/Zmiany-w-standardach-ISO-9001-ISO-27001-ISO-14001-ISO-45001-ISO-22301.-1.png\" \/>\n\t<meta property=\"og:image:width\" content=\"512\" \/>\n\t<meta property=\"og:image:height\" content=\"800\" \/>\n\t<meta property=\"og:image:type\" content=\"image\/png\" \/>\n<meta name=\"twitter:card\" content=\"summary_large_image\" \/>\n<meta name=\"twitter:label1\" content=\"Szacowany czas czytania\" \/>\n\t<meta name=\"twitter:data1\" content=\"2 minuty\" \/>\n<script type=\"application\/ld+json\" class=\"yoast-schema-graph\">{\"@context\":\"https:\\\/\\\/schema.org\",\"@graph\":[{\"@type\":\"WebPage\",\"@id\":\"https:\\\/\\\/sklep.centrum-doskonalenia.pl\\\/index.php\\\/produkt\\\/zmiany-w-standardach-iso-9001-iso-27001-iso-14001-iso-45001-iso-22301-2024-rok\\\/\",\"url\":\"https:\\\/\\\/sklep.centrum-doskonalenia.pl\\\/index.php\\\/produkt\\\/zmiany-w-standardach-iso-9001-iso-27001-iso-14001-iso-45001-iso-22301-2024-rok\\\/\",\"name\":\"Zmiany klimatyczne w standardach ISO 9001, ISO 27001, ISO 14001, ISO 45001, ISO 22301 (2024 rok) - Centrum Doskonalenia Zarz\u0105dzania Meritum\",\"isPartOf\":{\"@id\":\"https:\\\/\\\/sklep.centrum-doskonalenia.pl\\\/#website\"},\"primaryImageOfPage\":{\"@id\":\"https:\\\/\\\/sklep.centrum-doskonalenia.pl\\\/index.php\\\/produkt\\\/zmiany-w-standardach-iso-9001-iso-27001-iso-14001-iso-45001-iso-22301-2024-rok\\\/#primaryimage\"},\"image\":{\"@id\":\"https:\\\/\\\/sklep.centrum-doskonalenia.pl\\\/index.php\\\/produkt\\\/zmiany-w-standardach-iso-9001-iso-27001-iso-14001-iso-45001-iso-22301-2024-rok\\\/#primaryimage\"},\"thumbnailUrl\":\"https:\\\/\\\/sklep.centrum-doskonalenia.pl\\\/wp-content\\\/uploads\\\/2024\\\/09\\\/Zmiany-w-standardach-ISO-9001-ISO-27001-ISO-14001-ISO-45001-ISO-22301.-1.png\",\"datePublished\":\"2024-09-25T12:46:07+00:00\",\"dateModified\":\"2024-09-26T14:43:34+00:00\",\"breadcrumb\":{\"@id\":\"https:\\\/\\\/sklep.centrum-doskonalenia.pl\\\/index.php\\\/produkt\\\/zmiany-w-standardach-iso-9001-iso-27001-iso-14001-iso-45001-iso-22301-2024-rok\\\/#breadcrumb\"},\"inLanguage\":\"pl-PL\",\"potentialAction\":[{\"@type\":\"ReadAction\",\"target\":[\"https:\\\/\\\/sklep.centrum-doskonalenia.pl\\\/index.php\\\/produkt\\\/zmiany-w-standardach-iso-9001-iso-27001-iso-14001-iso-45001-iso-22301-2024-rok\\\/\"]}]},{\"@type\":\"ImageObject\",\"inLanguage\":\"pl-PL\",\"@id\":\"https:\\\/\\\/sklep.centrum-doskonalenia.pl\\\/index.php\\\/produkt\\\/zmiany-w-standardach-iso-9001-iso-27001-iso-14001-iso-45001-iso-22301-2024-rok\\\/#primaryimage\",\"url\":\"https:\\\/\\\/sklep.centrum-doskonalenia.pl\\\/wp-content\\\/uploads\\\/2024\\\/09\\\/Zmiany-w-standardach-ISO-9001-ISO-27001-ISO-14001-ISO-45001-ISO-22301.-1.png\",\"contentUrl\":\"https:\\\/\\\/sklep.centrum-doskonalenia.pl\\\/wp-content\\\/uploads\\\/2024\\\/09\\\/Zmiany-w-standardach-ISO-9001-ISO-27001-ISO-14001-ISO-45001-ISO-22301.-1.png\",\"width\":512,\"height\":800},{\"@type\":\"BreadcrumbList\",\"@id\":\"https:\\\/\\\/sklep.centrum-doskonalenia.pl\\\/index.php\\\/produkt\\\/zmiany-w-standardach-iso-9001-iso-27001-iso-14001-iso-45001-iso-22301-2024-rok\\\/#breadcrumb\",\"itemListElement\":[{\"@type\":\"ListItem\",\"position\":1,\"name\":\"Strona g\u0142\u00f3wna\",\"item\":\"https:\\\/\\\/sklep.centrum-doskonalenia.pl\\\/\"},{\"@type\":\"ListItem\",\"position\":2,\"name\":\"Produkty\",\"item\":\"https:\\\/\\\/sklep.centrum-doskonalenia.pl\\\/index.php\\\/shop\\\/\"},{\"@type\":\"ListItem\",\"position\":3,\"name\":\"Zmiany klimatyczne w standardach ISO 9001, ISO 27001, ISO 14001, ISO 45001, ISO 22301 (2024 rok)\"}]},{\"@type\":\"WebSite\",\"@id\":\"https:\\\/\\\/sklep.centrum-doskonalenia.pl\\\/#website\",\"url\":\"https:\\\/\\\/sklep.centrum-doskonalenia.pl\\\/\",\"name\":\"Centrum Doskonalenia Zarz\u0105dzania Meritum\",\"description\":\"\",\"publisher\":{\"@id\":\"https:\\\/\\\/sklep.centrum-doskonalenia.pl\\\/#organization\"},\"potentialAction\":[{\"@type\":\"SearchAction\",\"target\":{\"@type\":\"EntryPoint\",\"urlTemplate\":\"https:\\\/\\\/sklep.centrum-doskonalenia.pl\\\/?s={search_term_string}\"},\"query-input\":{\"@type\":\"PropertyValueSpecification\",\"valueRequired\":true,\"valueName\":\"search_term_string\"}}],\"inLanguage\":\"pl-PL\"},{\"@type\":\"Organization\",\"@id\":\"https:\\\/\\\/sklep.centrum-doskonalenia.pl\\\/#organization\",\"name\":\"Centrum Doskonalenia Zarz\u0105dzania Meritum\",\"url\":\"https:\\\/\\\/sklep.centrum-doskonalenia.pl\\\/\",\"logo\":{\"@type\":\"ImageObject\",\"inLanguage\":\"pl-PL\",\"@id\":\"https:\\\/\\\/sklep.centrum-doskonalenia.pl\\\/#\\\/schema\\\/logo\\\/image\\\/\",\"url\":\"https:\\\/\\\/sklep.centrum-doskonalenia.pl\\\/wp-content\\\/uploads\\\/2023\\\/10\\\/logo-czarne-bez-tla.png\",\"contentUrl\":\"https:\\\/\\\/sklep.centrum-doskonalenia.pl\\\/wp-content\\\/uploads\\\/2023\\\/10\\\/logo-czarne-bez-tla.png\",\"width\":2089,\"height\":712,\"caption\":\"Centrum Doskonalenia Zarz\u0105dzania Meritum\"},\"image\":{\"@id\":\"https:\\\/\\\/sklep.centrum-doskonalenia.pl\\\/#\\\/schema\\\/logo\\\/image\\\/\"}}]}<\/script>\n<!-- \/ Yoast SEO plugin. -->","yoast_head_json":{"title":"Zmiany klimatyczne w standardach ISO 9001, ISO 27001, ISO 14001, ISO 45001, ISO 22301 (2024 rok) - Centrum Doskonalenia Zarz\u0105dzania Meritum","robots":{"index":"index","follow":"follow","max-snippet":"max-snippet:-1","max-image-preview":"max-image-preview:large","max-video-preview":"max-video-preview:-1"},"canonical":"https:\/\/sklep.centrum-doskonalenia.pl\/index.php\/produkt\/zmiany-w-standardach-iso-9001-iso-27001-iso-14001-iso-45001-iso-22301-2024-rok\/","og_locale":"pl_PL","og_type":"article","og_title":"Zmiany klimatyczne w standardach ISO 9001, ISO 27001, ISO 14001, ISO 45001, ISO 22301 (2024 rok) - Centrum Doskonalenia Zarz\u0105dzania Meritum","og_description":"Poradnik: Zmiany w standardach ISO 9001, ISO 27001, ISO 14001, ISO 45001, ISO 22301 (2024). Czy Twoja firma jest gotowa na zmiany w mi\u0119dzynarodowych standardach ISO? Rok 2024 przynosi aktualizacje, kt\u00f3re mog\u0105 mie\u0107 istotny wp\u0142yw na dzia\u0142alno\u015b\u0107 ka\u017cdej organizacji d\u0105\u017c\u0105cej do utrzymania zgodno\u015bci z normami zarz\u0105dzania jako\u015bci\u0105, bezpiecze\u0144stwem informacji, ochron\u0105 \u015brodowiska i ci\u0105g\u0142o\u015bci\u0105 dzia\u0142ania. Nasz [&hellip;]","og_url":"https:\/\/sklep.centrum-doskonalenia.pl\/index.php\/produkt\/zmiany-w-standardach-iso-9001-iso-27001-iso-14001-iso-45001-iso-22301-2024-rok\/","og_site_name":"Centrum Doskonalenia Zarz\u0105dzania Meritum","article_modified_time":"2024-09-26T14:43:34+00:00","og_image":[{"width":512,"height":800,"url":"https:\/\/sklep.centrum-doskonalenia.pl\/wp-content\/uploads\/2024\/09\/Zmiany-w-standardach-ISO-9001-ISO-27001-ISO-14001-ISO-45001-ISO-22301.-1.png","type":"image\/png"}],"twitter_card":"summary_large_image","twitter_misc":{"Szacowany czas czytania":"2 minuty"},"schema":{"@context":"https:\/\/schema.org","@graph":[{"@type":"WebPage","@id":"https:\/\/sklep.centrum-doskonalenia.pl\/index.php\/produkt\/zmiany-w-standardach-iso-9001-iso-27001-iso-14001-iso-45001-iso-22301-2024-rok\/","url":"https:\/\/sklep.centrum-doskonalenia.pl\/index.php\/produkt\/zmiany-w-standardach-iso-9001-iso-27001-iso-14001-iso-45001-iso-22301-2024-rok\/","name":"Zmiany klimatyczne w standardach ISO 9001, ISO 27001, ISO 14001, ISO 45001, ISO 22301 (2024 rok) - Centrum Doskonalenia Zarz\u0105dzania Meritum","isPartOf":{"@id":"https:\/\/sklep.centrum-doskonalenia.pl\/#website"},"primaryImageOfPage":{"@id":"https:\/\/sklep.centrum-doskonalenia.pl\/index.php\/produkt\/zmiany-w-standardach-iso-9001-iso-27001-iso-14001-iso-45001-iso-22301-2024-rok\/#primaryimage"},"image":{"@id":"https:\/\/sklep.centrum-doskonalenia.pl\/index.php\/produkt\/zmiany-w-standardach-iso-9001-iso-27001-iso-14001-iso-45001-iso-22301-2024-rok\/#primaryimage"},"thumbnailUrl":"https:\/\/sklep.centrum-doskonalenia.pl\/wp-content\/uploads\/2024\/09\/Zmiany-w-standardach-ISO-9001-ISO-27001-ISO-14001-ISO-45001-ISO-22301.-1.png","datePublished":"2024-09-25T12:46:07+00:00","dateModified":"2024-09-26T14:43:34+00:00","breadcrumb":{"@id":"https:\/\/sklep.centrum-doskonalenia.pl\/index.php\/produkt\/zmiany-w-standardach-iso-9001-iso-27001-iso-14001-iso-45001-iso-22301-2024-rok\/#breadcrumb"},"inLanguage":"pl-PL","potentialAction":[{"@type":"ReadAction","target":["https:\/\/sklep.centrum-doskonalenia.pl\/index.php\/produkt\/zmiany-w-standardach-iso-9001-iso-27001-iso-14001-iso-45001-iso-22301-2024-rok\/"]}]},{"@type":"ImageObject","inLanguage":"pl-PL","@id":"https:\/\/sklep.centrum-doskonalenia.pl\/index.php\/produkt\/zmiany-w-standardach-iso-9001-iso-27001-iso-14001-iso-45001-iso-22301-2024-rok\/#primaryimage","url":"https:\/\/sklep.centrum-doskonalenia.pl\/wp-content\/uploads\/2024\/09\/Zmiany-w-standardach-ISO-9001-ISO-27001-ISO-14001-ISO-45001-ISO-22301.-1.png","contentUrl":"https:\/\/sklep.centrum-doskonalenia.pl\/wp-content\/uploads\/2024\/09\/Zmiany-w-standardach-ISO-9001-ISO-27001-ISO-14001-ISO-45001-ISO-22301.-1.png","width":512,"height":800},{"@type":"BreadcrumbList","@id":"https:\/\/sklep.centrum-doskonalenia.pl\/index.php\/produkt\/zmiany-w-standardach-iso-9001-iso-27001-iso-14001-iso-45001-iso-22301-2024-rok\/#breadcrumb","itemListElement":[{"@type":"ListItem","position":1,"name":"Strona g\u0142\u00f3wna","item":"https:\/\/sklep.centrum-doskonalenia.pl\/"},{"@type":"ListItem","position":2,"name":"Produkty","item":"https:\/\/sklep.centrum-doskonalenia.pl\/index.php\/shop\/"},{"@type":"ListItem","position":3,"name":"Zmiany klimatyczne w standardach ISO 9001, ISO 27001, ISO 14001, ISO 45001, ISO 22301 (2024 rok)"}]},{"@type":"WebSite","@id":"https:\/\/sklep.centrum-doskonalenia.pl\/#website","url":"https:\/\/sklep.centrum-doskonalenia.pl\/","name":"Centrum Doskonalenia Zarz\u0105dzania Meritum","description":"","publisher":{"@id":"https:\/\/sklep.centrum-doskonalenia.pl\/#organization"},"potentialAction":[{"@type":"SearchAction","target":{"@type":"EntryPoint","urlTemplate":"https:\/\/sklep.centrum-doskonalenia.pl\/?s={search_term_string}"},"query-input":{"@type":"PropertyValueSpecification","valueRequired":true,"valueName":"search_term_string"}}],"inLanguage":"pl-PL"},{"@type":"Organization","@id":"https:\/\/sklep.centrum-doskonalenia.pl\/#organization","name":"Centrum Doskonalenia Zarz\u0105dzania Meritum","url":"https:\/\/sklep.centrum-doskonalenia.pl\/","logo":{"@type":"ImageObject","inLanguage":"pl-PL","@id":"https:\/\/sklep.centrum-doskonalenia.pl\/#\/schema\/logo\/image\/","url":"https:\/\/sklep.centrum-doskonalenia.pl\/wp-content\/uploads\/2023\/10\/logo-czarne-bez-tla.png","contentUrl":"https:\/\/sklep.centrum-doskonalenia.pl\/wp-content\/uploads\/2023\/10\/logo-czarne-bez-tla.png","width":2089,"height":712,"caption":"Centrum Doskonalenia Zarz\u0105dzania Meritum"},"image":{"@id":"https:\/\/sklep.centrum-doskonalenia.pl\/#\/schema\/logo\/image\/"}}]}},"_links":{"self":[{"href":"https:\/\/sklep.centrum-doskonalenia.pl\/index.php\/wp-json\/wp\/v2\/product\/30434","targetHints":{"allow":["GET"]}}],"collection":[{"href":"https:\/\/sklep.centrum-doskonalenia.pl\/index.php\/wp-json\/wp\/v2\/product"}],"about":[{"href":"https:\/\/sklep.centrum-doskonalenia.pl\/index.php\/wp-json\/wp\/v2\/types\/product"}],"wp:featuredmedia":[{"embeddable":true,"href":"https:\/\/sklep.centrum-doskonalenia.pl\/index.php\/wp-json\/wp\/v2\/media\/30705"}],"wp:attachment":[{"href":"https:\/\/sklep.centrum-doskonalenia.pl\/index.php\/wp-json\/wp\/v2\/media?parent=30434"}],"wp:term":[{"taxonomy":"product_brand","embeddable":true,"href":"https:\/\/sklep.centrum-doskonalenia.pl\/index.php\/wp-json\/wp\/v2\/product_brand?post=30434"},{"taxonomy":"product_cat","embeddable":true,"href":"https:\/\/sklep.centrum-doskonalenia.pl\/index.php\/wp-json\/wp\/v2\/product_cat?post=30434"},{"taxonomy":"product_tag","embeddable":true,"href":"https:\/\/sklep.centrum-doskonalenia.pl\/index.php\/wp-json\/wp\/v2\/product_tag?post=30434"}],"curies":[{"name":"wp","href":"https:\/\/api.w.org\/{rel}","templated":true}]}}