{"id":28138,"date":"2024-08-30T13:52:27","date_gmt":"2024-08-30T11:52:27","guid":{"rendered":"https:\/\/sklep.centrum-doskonalenia.pl\/?post_type=product&#038;p=28138"},"modified":"2024-09-25T14:03:34","modified_gmt":"2024-09-25T12:03:34","slug":"jak-samodzielnie-wdrozyc-iso-90012015-poradnik-dla-pelnomocnikow-systemu-zarzadzania","status":"publish","type":"product","link":"http:\/\/sklep.centrum-doskonalenia.pl\/index.php\/produkt\/jak-samodzielnie-wdrozyc-iso-90012015-poradnik-dla-pelnomocnikow-systemu-zarzadzania\/","title":{"rendered":"Jak samodzielnie wdro\u017cy\u0107 ISO 9001:2015 &#8211; poradnik dla pe\u0142nomocnik\u00f3w systemu zarz\u0105dzania"},"content":{"rendered":"<p><!-- Start of Product Description Template --><\/p>\n<div class=\"product-description-container\">\n<div class=\"product-columns\">\n<p><!-- Left Column --><\/p>\n<div class=\"left-column\">\n<div class=\"product-info\">\n<h5 style=\"margin-bottom: 20px; font-weight: bold; color: #1d7b88;\">Jak samodzielnie wdro\u017cy\u0107 ISO 9001 to praktyczny podr\u0119cznik dla pe\u0142nomocnika ds. systemu zarz\u0105dzania jako\u015bci\u0105.<\/h5>\n<\/div>\n<ul style=\"padding-left: 20px; list-style-type: none;\"><!-- Usuni\u0119to kropki --><\/p>\n<li style=\"margin-bottom: 10px;\"><span style=\"color: #1d7b88; font-weight: bold;\">\u2714<\/span> Na czym polega wdro\u017cenie systemu zarz\u0105dzania jako\u015bci\u0105?<\/li>\n<li style=\"margin-bottom: 10px;\"><span style=\"color: #1d7b88; font-weight: bold;\">\u2714<\/span> Jakie s\u0105 etapy wdro\u017cenia i jak je przeprowadzi\u0107?<\/li>\n<li style=\"margin-bottom: 10px;\"><span style=\"color: #1d7b88; font-weight: bold;\">\u2714<\/span> Jaka jest rola pe\u0142nomocnika ds. systemu zarz\u0105dzania jako\u015bci\u0105 w poszczeg\u00f3lnych etapach?<\/li>\n<li style=\"margin-bottom: 40px;\"><span style=\"color: #1d7b88; font-weight: bold;\">\u2714<\/span> Jak wybra\u0107 jednostk\u0119 certyfikuj\u0105c\u0105 i czego spodziewa\u0107 si\u0119 na audycie zewn\u0119trznym?<\/li>\n<\/ul>\n<\/div>\n<p><!-- Right Column --><\/p>\n<div class=\"right-column\">\n<h5 style=\"margin-top: 40; margin-bottom: 20px; font-weight: bold; color: #1d7b88;\">W skr\u00f3cie:<\/h5>\n<p style=\"margin-top: 20px; margin-bottom: 20px;\">Jaka jest rola pe\u0142nomocnika w przygotowaniu organizacji do audytu certyfikuj\u0105cego?<\/p>\n<p style=\"margin-top: 20px; margin-bottom: 20px;\">Na te pytania odpowiadamy w przekazanym materiale uzupe\u0142nionym licznymi przyk\u0142adami. To podr\u0119cznik zawieraj\u0105cy wskaz\u00f3wki przeprowadzaj\u0105ce pe\u0142nomocnika przez projekt wdro\u017cenia systemu zarz\u0105dzania jako\u015bci\u0105 zgodnego z wymaganiami normy ISO 9001 z 2015.<\/p>\n<\/div>\n<\/div>\n<h5 style=\"margin-top: 40px; margin-bottom: 20px; font-weight: bold; color: #1d7b88; text-align: left;\">Zadania pe\u0142nomocnika to zarz\u0105dzanie procesem wdro\u017cenia systemu obejmuj\u0105cym:<\/h5>\n<ul style=\"padding-left: 20px; list-style-type: none;\"><!-- Usuni\u0119to kropki --><\/p>\n<li style=\"margin-bottom: 10px;\"><span style=\"color: #1d7b88; font-weight: bold;\">\u2714<\/span> zapewnienie szkole\u0144 r\u00f3\u017cnym szczeblom pracownik\u00f3w w organizacji, komunikacj\u0119 z zarz\u0105dem ustalaj\u0105c kontekst, polityk\u0119 jako\u015bci czy procesy,<\/li>\n<li style=\"margin-bottom: 10px;\"><span style=\"color: #1d7b88; font-weight: bold;\">\u2714<\/span> wdro\u017cenie w\u0142a\u015bcicieli proces\u00f3w w zarz\u0105dzanie procesami,<\/li>\n<li style=\"margin-bottom: 10px;\"><span style=\"color: #1d7b88; font-weight: bold;\">\u2714<\/span> nadz\u00f3r nad opracowaniem procedur,<\/li>\n<li style=\"margin-bottom: 10px;\"><span style=\"color: #1d7b88; font-weight: bold;\">\u2714<\/span> opracowanie procedur systemowych,<\/li>\n<li style=\"margin-bottom: 10px;\"><span style=\"color: #1d7b88; font-weight: bold;\">\u2714<\/span> przygotowanie metodyki i wsparcie w przeprowadzeniu analizy ryzyka,<\/li>\n<li style=\"margin-bottom: 10px;\"><span style=\"color: #1d7b88; font-weight: bold;\">\u2714<\/span> nadz\u00f3r nad przeprowadzeniem audyt\u00f3w wewn\u0119trznych,<\/li>\n<li style=\"margin-bottom: 10px;\"><span style=\"color: #1d7b88; font-weight: bold;\">\u2714<\/span> uruchomienie dzia\u0142a\u0144 koryguj\u0105cych,<\/li>\n<li style=\"margin-bottom: 10px;\"><span style=\"color: #1d7b88; font-weight: bold;\">\u2714<\/span> nadzorowanie i dokumentowanie przegl\u0105du zarz\u0105dzania<\/li>\n<\/ul>\n<p style=\"margin-top: 40px; margin-bottom: 20px;\">Podr\u0119cznik w spos\u00f3b prosty omawia powy\u017csze zagadnienia. Zawiera potrzebne do zrealizowania poszczeg\u00f3lnych etap\u00f3w wzory dokument\u00f3w.<\/p>\n<p style=\"margin-top: 40px; margin-bottom: 20px;\">Wyb\u00f3r zawartych tre\u015bci wynika z do\u015bwiadcze\u0144 konsultant\u00f3w, nabytych podczas wdro\u017ce\u0144 system\u00f3w zarz\u0105dzania jako\u015bci\u0105 w dziesi\u0105tkach organizacji, w firmach produkcyjnych, us\u0142ugowych, urz\u0119dach, plac\u00f3wkach medycznych jak r\u00f3wnie\u017c do\u015bwiadcze\u0144 nabytych podczas setek godzin szkoleniowych po\u015bwi\u0119conych tematyce jako\u015bci.<\/p>\n<h5 style=\"margin-top: 40px; margin-bottom: 20px; font-weight: bold; color: #1d7b88; text-align: left;\">Podr\u0119cznik uwzgl\u0119dnia nowe wymagania zwi\u0105zane ze zmianami klimatycznymi, wprowadzone w lutym 2024 roku!<\/h5>\n<h5 style=\"margin-top: 40px; margin-bottom: 20px; font-weight: bold; color: #1d7b88; text-align: left;\">Omawiane zagadnienia:<\/h5>\n<ul style=\"padding-left: 20px; list-style-type: none;\"><!-- Usuni\u0119to kropki --><\/p>\n<li style=\"margin-bottom: 10px;\"><span style=\"color: #1d7b88; font-weight: bold;\">\u2714<\/span> Uruchomienie projektu wdro\u017cenia systemu zarz\u0105dzania jako\u015bci\u0105,<\/li>\n<li style=\"margin-bottom: 10px;\"><span style=\"color: #1d7b88; font-weight: bold;\">\u2714<\/span> Powo\u0142anie i zadania pe\u0142nomocnika ds. systemu zarz\u0105dzania jako\u015bci\u0105,<\/li>\n<li style=\"margin-bottom: 10px;\"><span style=\"color: #1d7b88; font-weight: bold;\">\u2714<\/span> 7 etap\u00f3w wdro\u017cenia systemu \u2013 szkolenia, opracowanie dokumentacji, audyt wewn\u0119trzny, przegl\u0105d zarz\u0105dzania,<\/li>\n<li style=\"margin-bottom: 10px;\"><span style=\"color: #1d7b88; font-weight: bold;\">\u2714<\/span> Certyfikacja systemu zarz\u0105dzania jako\u015bci\u0105,<\/li>\n<li style=\"margin-bottom: 10px;\"><span style=\"color: #1d7b88; font-weight: bold;\">\u2714<\/span> Wyb\u00f3r jednostki certyfikuj\u0105cej,<\/li>\n<li style=\"margin-bottom: 10px;\"><span style=\"color: #1d7b88; font-weight: bold;\">\u2714<\/span> Audyt certyfikuj\u0105cy i nadzoru.<\/li>\n<\/ul>\n<\/div>\n<p><!-- End of Product Description Template --><\/p>\n","protected":false},"excerpt":{"rendered":"<p>Jak samodzielnie wdro\u017cy\u0107 ISO 9001 to praktyczny podr\u0119cznik dla pe\u0142nomocnika ds. systemu zarz\u0105dzania jako\u015bci\u0105. \u2714 Na czym polega wdro\u017cenie systemu zarz\u0105dzania jako\u015bci\u0105? \u2714 Jakie s\u0105 etapy wdro\u017cenia i jak je przeprowadzi\u0107? \u2714 Jaka jest rola pe\u0142nomocnika ds. systemu zarz\u0105dzania jako\u015bci\u0105 w poszczeg\u00f3lnych etapach? \u2714 Jak wybra\u0107 jednostk\u0119 certyfikuj\u0105c\u0105 i czego spodziewa\u0107 si\u0119 na audycie zewn\u0119trznym? [&hellip;]<\/p>\n","protected":false},"featured_media":28139,"template":"","meta":{"site-sidebar-layout":"default","site-content-layout":"","ast-site-content-layout":"default","site-content-style":"default","site-sidebar-style":"default","ast-global-header-display":"","ast-banner-title-visibility":"","ast-main-header-display":"","ast-hfb-above-header-display":"","ast-hfb-below-header-display":"","ast-hfb-mobile-header-display":"","site-post-title":"","ast-breadcrumbs-content":"","ast-featured-img":"","footer-sml-layout":"","ast-disable-related-posts":"","theme-transparent-header-meta":"default","adv-header-id-meta":"","stick-header-meta":"","header-above-stick-meta":"","header-main-stick-meta":"","header-below-stick-meta":"","astra-migrate-meta-layouts":"set","ast-page-background-enabled":"default","ast-page-background-meta":{"desktop":{"background-color":"","background-image":"","background-repeat":"repeat","background-position":"center center","background-size":"auto","background-attachment":"scroll","background-type":"","background-media":"","overlay-type":"","overlay-color":"","overlay-opacity":"","overlay-gradient":""},"tablet":{"background-color":"","background-image":"","background-repeat":"repeat","background-position":"center center","background-size":"auto","background-attachment":"scroll","background-type":"","background-media":"","overlay-type":"","overlay-color":"","overlay-opacity":"","overlay-gradient":""},"mobile":{"background-color":"","background-image":"","background-repeat":"repeat","background-position":"center center","background-size":"auto","background-attachment":"scroll","background-type":"","background-media":"","overlay-type":"","overlay-color":"","overlay-opacity":"","overlay-gradient":""}},"ast-content-background-meta":{"desktop":{"background-color":"var(--ast-global-color-5)","background-image":"","background-repeat":"repeat","background-position":"center center","background-size":"auto","background-attachment":"scroll","background-type":"","background-media":"","overlay-type":"","overlay-color":"","overlay-opacity":"","overlay-gradient":""},"tablet":{"background-color":"var(--ast-global-color-5)","background-image":"","background-repeat":"repeat","background-position":"center center","background-size":"auto","background-attachment":"scroll","background-type":"","background-media":"","overlay-type":"","overlay-color":"","overlay-opacity":"","overlay-gradient":""},"mobile":{"background-color":"var(--ast-global-color-5)","background-image":"","background-repeat":"repeat","background-position":"center center","background-size":"auto","background-attachment":"scroll","background-type":"","background-media":"","overlay-type":"","overlay-color":"","overlay-opacity":"","overlay-gradient":""}}},"product_brand":[],"product_cat":[414],"product_tag":[],"class_list":{"0":"post-28138","1":"product","2":"type-product","3":"status-publish","4":"has-post-thumbnail","6":"product_cat-e-book-9001","7":"desktop-align-left","8":"tablet-align-left","9":"mobile-align-left","11":"first","12":"instock","13":"taxable","14":"shipping-taxable","15":"purchasable","16":"product-type-simple"},"aioseo_notices":[],"yoast_head":"<!-- This site is optimized with the Yoast SEO plugin v27.4 - https:\/\/yoast.com\/product\/yoast-seo-wordpress\/ -->\n<title>Jak samodzielnie wdro\u017cy\u0107 ISO 9001:2015 - poradnik dla pe\u0142nomocnik\u00f3w systemu zarz\u0105dzania - Centrum Doskonalenia Zarz\u0105dzania Meritum<\/title>\n<meta name=\"robots\" content=\"index, follow, max-snippet:-1, max-image-preview:large, max-video-preview:-1\" \/>\n<link rel=\"canonical\" href=\"http:\/\/sklep.centrum-doskonalenia.pl\/index.php\/produkt\/jak-samodzielnie-wdrozyc-iso-90012015-poradnik-dla-pelnomocnikow-systemu-zarzadzania\/\" \/>\n<meta property=\"og:locale\" content=\"pl_PL\" \/>\n<meta property=\"og:type\" content=\"article\" \/>\n<meta property=\"og:title\" content=\"Jak samodzielnie wdro\u017cy\u0107 ISO 9001:2015 - poradnik dla pe\u0142nomocnik\u00f3w systemu zarz\u0105dzania - Centrum Doskonalenia Zarz\u0105dzania Meritum\" \/>\n<meta property=\"og:description\" content=\"Jak samodzielnie wdro\u017cy\u0107 ISO 9001 to praktyczny podr\u0119cznik dla pe\u0142nomocnika ds. systemu zarz\u0105dzania jako\u015bci\u0105. \u2714 Na czym polega wdro\u017cenie systemu zarz\u0105dzania jako\u015bci\u0105? \u2714 Jakie s\u0105 etapy wdro\u017cenia i jak je przeprowadzi\u0107? \u2714 Jaka jest rola pe\u0142nomocnika ds. systemu zarz\u0105dzania jako\u015bci\u0105 w poszczeg\u00f3lnych etapach? \u2714 Jak wybra\u0107 jednostk\u0119 certyfikuj\u0105c\u0105 i czego spodziewa\u0107 si\u0119 na audycie zewn\u0119trznym? [&hellip;]\" \/>\n<meta property=\"og:url\" content=\"http:\/\/sklep.centrum-doskonalenia.pl\/index.php\/produkt\/jak-samodzielnie-wdrozyc-iso-90012015-poradnik-dla-pelnomocnikow-systemu-zarzadzania\/\" \/>\n<meta property=\"og:site_name\" content=\"Centrum Doskonalenia Zarz\u0105dzania Meritum\" \/>\n<meta property=\"article:modified_time\" content=\"2024-09-25T12:03:34+00:00\" \/>\n<meta property=\"og:image\" content=\"http:\/\/sklep.centrum-doskonalenia.pl\/wp-content\/uploads\/2024\/08\/Jak-samodzielnie-wdrozyc-ISO-9001-2015.png\" \/>\n\t<meta property=\"og:image:width\" content=\"512\" \/>\n\t<meta property=\"og:image:height\" content=\"800\" \/>\n\t<meta property=\"og:image:type\" content=\"image\/png\" \/>\n<meta name=\"twitter:card\" content=\"summary_large_image\" \/>\n<meta name=\"twitter:label1\" content=\"Szacowany czas czytania\" \/>\n\t<meta name=\"twitter:data1\" content=\"2 minuty\" \/>\n<script type=\"application\/ld+json\" class=\"yoast-schema-graph\">{\"@context\":\"https:\\\/\\\/schema.org\",\"@graph\":[{\"@type\":\"WebPage\",\"@id\":\"http:\\\/\\\/sklep.centrum-doskonalenia.pl\\\/index.php\\\/produkt\\\/jak-samodzielnie-wdrozyc-iso-90012015-poradnik-dla-pelnomocnikow-systemu-zarzadzania\\\/\",\"url\":\"http:\\\/\\\/sklep.centrum-doskonalenia.pl\\\/index.php\\\/produkt\\\/jak-samodzielnie-wdrozyc-iso-90012015-poradnik-dla-pelnomocnikow-systemu-zarzadzania\\\/\",\"name\":\"Jak samodzielnie wdro\u017cy\u0107 ISO 9001:2015 - poradnik dla pe\u0142nomocnik\u00f3w systemu zarz\u0105dzania - Centrum Doskonalenia Zarz\u0105dzania Meritum\",\"isPartOf\":{\"@id\":\"https:\\\/\\\/sklep.centrum-doskonalenia.pl\\\/#website\"},\"primaryImageOfPage\":{\"@id\":\"http:\\\/\\\/sklep.centrum-doskonalenia.pl\\\/index.php\\\/produkt\\\/jak-samodzielnie-wdrozyc-iso-90012015-poradnik-dla-pelnomocnikow-systemu-zarzadzania\\\/#primaryimage\"},\"image\":{\"@id\":\"http:\\\/\\\/sklep.centrum-doskonalenia.pl\\\/index.php\\\/produkt\\\/jak-samodzielnie-wdrozyc-iso-90012015-poradnik-dla-pelnomocnikow-systemu-zarzadzania\\\/#primaryimage\"},\"thumbnailUrl\":\"http:\\\/\\\/sklep.centrum-doskonalenia.pl\\\/wp-content\\\/uploads\\\/2024\\\/08\\\/Jak-samodzielnie-wdrozyc-ISO-9001-2015.png\",\"datePublished\":\"2024-08-30T11:52:27+00:00\",\"dateModified\":\"2024-09-25T12:03:34+00:00\",\"breadcrumb\":{\"@id\":\"http:\\\/\\\/sklep.centrum-doskonalenia.pl\\\/index.php\\\/produkt\\\/jak-samodzielnie-wdrozyc-iso-90012015-poradnik-dla-pelnomocnikow-systemu-zarzadzania\\\/#breadcrumb\"},\"inLanguage\":\"pl-PL\",\"potentialAction\":[{\"@type\":\"ReadAction\",\"target\":[\"http:\\\/\\\/sklep.centrum-doskonalenia.pl\\\/index.php\\\/produkt\\\/jak-samodzielnie-wdrozyc-iso-90012015-poradnik-dla-pelnomocnikow-systemu-zarzadzania\\\/\"]}]},{\"@type\":\"ImageObject\",\"inLanguage\":\"pl-PL\",\"@id\":\"http:\\\/\\\/sklep.centrum-doskonalenia.pl\\\/index.php\\\/produkt\\\/jak-samodzielnie-wdrozyc-iso-90012015-poradnik-dla-pelnomocnikow-systemu-zarzadzania\\\/#primaryimage\",\"url\":\"http:\\\/\\\/sklep.centrum-doskonalenia.pl\\\/wp-content\\\/uploads\\\/2024\\\/08\\\/Jak-samodzielnie-wdrozyc-ISO-9001-2015.png\",\"contentUrl\":\"http:\\\/\\\/sklep.centrum-doskonalenia.pl\\\/wp-content\\\/uploads\\\/2024\\\/08\\\/Jak-samodzielnie-wdrozyc-ISO-9001-2015.png\",\"width\":512,\"height\":800},{\"@type\":\"BreadcrumbList\",\"@id\":\"http:\\\/\\\/sklep.centrum-doskonalenia.pl\\\/index.php\\\/produkt\\\/jak-samodzielnie-wdrozyc-iso-90012015-poradnik-dla-pelnomocnikow-systemu-zarzadzania\\\/#breadcrumb\",\"itemListElement\":[{\"@type\":\"ListItem\",\"position\":1,\"name\":\"Strona g\u0142\u00f3wna\",\"item\":\"https:\\\/\\\/sklep.centrum-doskonalenia.pl\\\/\"},{\"@type\":\"ListItem\",\"position\":2,\"name\":\"Produkty\",\"item\":\"https:\\\/\\\/sklep.centrum-doskonalenia.pl\\\/index.php\\\/shop\\\/\"},{\"@type\":\"ListItem\",\"position\":3,\"name\":\"Jak samodzielnie wdro\u017cy\u0107 ISO 9001:2015 &#8211; poradnik dla pe\u0142nomocnik\u00f3w systemu zarz\u0105dzania\"}]},{\"@type\":\"WebSite\",\"@id\":\"https:\\\/\\\/sklep.centrum-doskonalenia.pl\\\/#website\",\"url\":\"https:\\\/\\\/sklep.centrum-doskonalenia.pl\\\/\",\"name\":\"Centrum Doskonalenia Zarz\u0105dzania Meritum\",\"description\":\"\",\"publisher\":{\"@id\":\"https:\\\/\\\/sklep.centrum-doskonalenia.pl\\\/#organization\"},\"potentialAction\":[{\"@type\":\"SearchAction\",\"target\":{\"@type\":\"EntryPoint\",\"urlTemplate\":\"https:\\\/\\\/sklep.centrum-doskonalenia.pl\\\/?s={search_term_string}\"},\"query-input\":{\"@type\":\"PropertyValueSpecification\",\"valueRequired\":true,\"valueName\":\"search_term_string\"}}],\"inLanguage\":\"pl-PL\"},{\"@type\":\"Organization\",\"@id\":\"https:\\\/\\\/sklep.centrum-doskonalenia.pl\\\/#organization\",\"name\":\"Centrum Doskonalenia Zarz\u0105dzania Meritum\",\"url\":\"https:\\\/\\\/sklep.centrum-doskonalenia.pl\\\/\",\"logo\":{\"@type\":\"ImageObject\",\"inLanguage\":\"pl-PL\",\"@id\":\"https:\\\/\\\/sklep.centrum-doskonalenia.pl\\\/#\\\/schema\\\/logo\\\/image\\\/\",\"url\":\"http:\\\/\\\/sklep.centrum-doskonalenia.pl\\\/wp-content\\\/uploads\\\/2023\\\/10\\\/logo-czarne-bez-tla.png\",\"contentUrl\":\"http:\\\/\\\/sklep.centrum-doskonalenia.pl\\\/wp-content\\\/uploads\\\/2023\\\/10\\\/logo-czarne-bez-tla.png\",\"width\":2089,\"height\":712,\"caption\":\"Centrum Doskonalenia Zarz\u0105dzania Meritum\"},\"image\":{\"@id\":\"https:\\\/\\\/sklep.centrum-doskonalenia.pl\\\/#\\\/schema\\\/logo\\\/image\\\/\"}}]}<\/script>\n<!-- \/ Yoast SEO plugin. -->","yoast_head_json":{"title":"Jak samodzielnie wdro\u017cy\u0107 ISO 9001:2015 - poradnik dla pe\u0142nomocnik\u00f3w systemu zarz\u0105dzania - Centrum Doskonalenia Zarz\u0105dzania Meritum","robots":{"index":"index","follow":"follow","max-snippet":"max-snippet:-1","max-image-preview":"max-image-preview:large","max-video-preview":"max-video-preview:-1"},"canonical":"http:\/\/sklep.centrum-doskonalenia.pl\/index.php\/produkt\/jak-samodzielnie-wdrozyc-iso-90012015-poradnik-dla-pelnomocnikow-systemu-zarzadzania\/","og_locale":"pl_PL","og_type":"article","og_title":"Jak samodzielnie wdro\u017cy\u0107 ISO 9001:2015 - poradnik dla pe\u0142nomocnik\u00f3w systemu zarz\u0105dzania - Centrum Doskonalenia Zarz\u0105dzania Meritum","og_description":"Jak samodzielnie wdro\u017cy\u0107 ISO 9001 to praktyczny podr\u0119cznik dla pe\u0142nomocnika ds. systemu zarz\u0105dzania jako\u015bci\u0105. \u2714 Na czym polega wdro\u017cenie systemu zarz\u0105dzania jako\u015bci\u0105? \u2714 Jakie s\u0105 etapy wdro\u017cenia i jak je przeprowadzi\u0107? \u2714 Jaka jest rola pe\u0142nomocnika ds. systemu zarz\u0105dzania jako\u015bci\u0105 w poszczeg\u00f3lnych etapach? \u2714 Jak wybra\u0107 jednostk\u0119 certyfikuj\u0105c\u0105 i czego spodziewa\u0107 si\u0119 na audycie zewn\u0119trznym? [&hellip;]","og_url":"http:\/\/sklep.centrum-doskonalenia.pl\/index.php\/produkt\/jak-samodzielnie-wdrozyc-iso-90012015-poradnik-dla-pelnomocnikow-systemu-zarzadzania\/","og_site_name":"Centrum Doskonalenia Zarz\u0105dzania Meritum","article_modified_time":"2024-09-25T12:03:34+00:00","og_image":[{"width":512,"height":800,"url":"http:\/\/sklep.centrum-doskonalenia.pl\/wp-content\/uploads\/2024\/08\/Jak-samodzielnie-wdrozyc-ISO-9001-2015.png","type":"image\/png"}],"twitter_card":"summary_large_image","twitter_misc":{"Szacowany czas czytania":"2 minuty"},"schema":{"@context":"https:\/\/schema.org","@graph":[{"@type":"WebPage","@id":"http:\/\/sklep.centrum-doskonalenia.pl\/index.php\/produkt\/jak-samodzielnie-wdrozyc-iso-90012015-poradnik-dla-pelnomocnikow-systemu-zarzadzania\/","url":"http:\/\/sklep.centrum-doskonalenia.pl\/index.php\/produkt\/jak-samodzielnie-wdrozyc-iso-90012015-poradnik-dla-pelnomocnikow-systemu-zarzadzania\/","name":"Jak samodzielnie wdro\u017cy\u0107 ISO 9001:2015 - poradnik dla pe\u0142nomocnik\u00f3w systemu zarz\u0105dzania - Centrum Doskonalenia Zarz\u0105dzania Meritum","isPartOf":{"@id":"https:\/\/sklep.centrum-doskonalenia.pl\/#website"},"primaryImageOfPage":{"@id":"http:\/\/sklep.centrum-doskonalenia.pl\/index.php\/produkt\/jak-samodzielnie-wdrozyc-iso-90012015-poradnik-dla-pelnomocnikow-systemu-zarzadzania\/#primaryimage"},"image":{"@id":"http:\/\/sklep.centrum-doskonalenia.pl\/index.php\/produkt\/jak-samodzielnie-wdrozyc-iso-90012015-poradnik-dla-pelnomocnikow-systemu-zarzadzania\/#primaryimage"},"thumbnailUrl":"http:\/\/sklep.centrum-doskonalenia.pl\/wp-content\/uploads\/2024\/08\/Jak-samodzielnie-wdrozyc-ISO-9001-2015.png","datePublished":"2024-08-30T11:52:27+00:00","dateModified":"2024-09-25T12:03:34+00:00","breadcrumb":{"@id":"http:\/\/sklep.centrum-doskonalenia.pl\/index.php\/produkt\/jak-samodzielnie-wdrozyc-iso-90012015-poradnik-dla-pelnomocnikow-systemu-zarzadzania\/#breadcrumb"},"inLanguage":"pl-PL","potentialAction":[{"@type":"ReadAction","target":["http:\/\/sklep.centrum-doskonalenia.pl\/index.php\/produkt\/jak-samodzielnie-wdrozyc-iso-90012015-poradnik-dla-pelnomocnikow-systemu-zarzadzania\/"]}]},{"@type":"ImageObject","inLanguage":"pl-PL","@id":"http:\/\/sklep.centrum-doskonalenia.pl\/index.php\/produkt\/jak-samodzielnie-wdrozyc-iso-90012015-poradnik-dla-pelnomocnikow-systemu-zarzadzania\/#primaryimage","url":"http:\/\/sklep.centrum-doskonalenia.pl\/wp-content\/uploads\/2024\/08\/Jak-samodzielnie-wdrozyc-ISO-9001-2015.png","contentUrl":"http:\/\/sklep.centrum-doskonalenia.pl\/wp-content\/uploads\/2024\/08\/Jak-samodzielnie-wdrozyc-ISO-9001-2015.png","width":512,"height":800},{"@type":"BreadcrumbList","@id":"http:\/\/sklep.centrum-doskonalenia.pl\/index.php\/produkt\/jak-samodzielnie-wdrozyc-iso-90012015-poradnik-dla-pelnomocnikow-systemu-zarzadzania\/#breadcrumb","itemListElement":[{"@type":"ListItem","position":1,"name":"Strona g\u0142\u00f3wna","item":"https:\/\/sklep.centrum-doskonalenia.pl\/"},{"@type":"ListItem","position":2,"name":"Produkty","item":"https:\/\/sklep.centrum-doskonalenia.pl\/index.php\/shop\/"},{"@type":"ListItem","position":3,"name":"Jak samodzielnie wdro\u017cy\u0107 ISO 9001:2015 &#8211; poradnik dla pe\u0142nomocnik\u00f3w systemu zarz\u0105dzania"}]},{"@type":"WebSite","@id":"https:\/\/sklep.centrum-doskonalenia.pl\/#website","url":"https:\/\/sklep.centrum-doskonalenia.pl\/","name":"Centrum Doskonalenia Zarz\u0105dzania Meritum","description":"","publisher":{"@id":"https:\/\/sklep.centrum-doskonalenia.pl\/#organization"},"potentialAction":[{"@type":"SearchAction","target":{"@type":"EntryPoint","urlTemplate":"https:\/\/sklep.centrum-doskonalenia.pl\/?s={search_term_string}"},"query-input":{"@type":"PropertyValueSpecification","valueRequired":true,"valueName":"search_term_string"}}],"inLanguage":"pl-PL"},{"@type":"Organization","@id":"https:\/\/sklep.centrum-doskonalenia.pl\/#organization","name":"Centrum Doskonalenia Zarz\u0105dzania Meritum","url":"https:\/\/sklep.centrum-doskonalenia.pl\/","logo":{"@type":"ImageObject","inLanguage":"pl-PL","@id":"https:\/\/sklep.centrum-doskonalenia.pl\/#\/schema\/logo\/image\/","url":"http:\/\/sklep.centrum-doskonalenia.pl\/wp-content\/uploads\/2023\/10\/logo-czarne-bez-tla.png","contentUrl":"http:\/\/sklep.centrum-doskonalenia.pl\/wp-content\/uploads\/2023\/10\/logo-czarne-bez-tla.png","width":2089,"height":712,"caption":"Centrum Doskonalenia Zarz\u0105dzania Meritum"},"image":{"@id":"https:\/\/sklep.centrum-doskonalenia.pl\/#\/schema\/logo\/image\/"}}]}},"_links":{"self":[{"href":"http:\/\/sklep.centrum-doskonalenia.pl\/index.php\/wp-json\/wp\/v2\/product\/28138","targetHints":{"allow":["GET"]}}],"collection":[{"href":"http:\/\/sklep.centrum-doskonalenia.pl\/index.php\/wp-json\/wp\/v2\/product"}],"about":[{"href":"http:\/\/sklep.centrum-doskonalenia.pl\/index.php\/wp-json\/wp\/v2\/types\/product"}],"wp:featuredmedia":[{"embeddable":true,"href":"http:\/\/sklep.centrum-doskonalenia.pl\/index.php\/wp-json\/wp\/v2\/media\/28139"}],"wp:attachment":[{"href":"http:\/\/sklep.centrum-doskonalenia.pl\/index.php\/wp-json\/wp\/v2\/media?parent=28138"}],"wp:term":[{"taxonomy":"product_brand","embeddable":true,"href":"http:\/\/sklep.centrum-doskonalenia.pl\/index.php\/wp-json\/wp\/v2\/product_brand?post=28138"},{"taxonomy":"product_cat","embeddable":true,"href":"http:\/\/sklep.centrum-doskonalenia.pl\/index.php\/wp-json\/wp\/v2\/product_cat?post=28138"},{"taxonomy":"product_tag","embeddable":true,"href":"http:\/\/sklep.centrum-doskonalenia.pl\/index.php\/wp-json\/wp\/v2\/product_tag?post=28138"}],"curies":[{"name":"wp","href":"https:\/\/api.w.org\/{rel}","templated":true}]}}